{"id":1083,"date":"2023-03-07T01:06:18","date_gmt":"2023-03-07T01:06:18","guid":{"rendered":"https:\/\/suplever.com\/?post_type=product&#038;p=1083"},"modified":"2025-06-18T19:01:14","modified_gmt":"2025-06-18T19:01:14","slug":"caffeine-100-tabs-oulet","status":"publish","type":"product","link":"https:\/\/suplever.com\/?product=caffeine-100-tabs-oulet","title":{"rendered":"Caffeine 100 Tabs (Outlet)"},"content":{"rendered":"<p>PRODUCTO OUTLET<br \/>\nCADUCIDAD: 07\/23<br \/>\nEMPAQUE: PERFECTO ESTADO, NUEVO Y SELLADO<br \/>\n*No aplican cambios ni devoluciones.<\/p>\n<p>Reduce la Grasa Corporal Naturalmente<br \/>\nLa cafe\u00edna proporciona efectos energizantes con cero az\u00facar a\u00f1adido o calor\u00edas para apoyar tus necesidades de entrenamiento sin comprometer tus objetivos diet\u00e9ticos. La cafe\u00edna desencadena los siguientes beneficios espec\u00edficos que apoyan a tu rendimiento, enfoque mejorado, alerta elevada, tiempo de reacci\u00f3n m\u00e1s r\u00e1pida, menor fatiga y mayor resistencia. Las tabletas de GAT CAFFEINE te brindan una oleada de 200mg de cafe\u00edna en cualquier momento que lo necesites, para acelerar r\u00e1pidamente tu desempe\u00f1o mental y f\u00edsico con el fin de maximizar tu entrenamiento.<\/p>\n<p>Beneficios de GAT CAFFEINE<br \/>\nApoya el metabolismo<br \/>\nRestaura el estado mental<br \/>\nEleva la energ\u00eda y la resistencia<br \/>\nPromueve la concentraci\u00f3n<\/p>\n","protected":false},"excerpt":{"rendered":"<p>Reduce la Grasa Corporal Naturalmente<br \/>\nLa cafe\u00edna proporciona efectos energizantes con cero az\u00facar a\u00f1adido o calor\u00edas para apoyar tus necesidades de entrenamiento sin comprometer tus objetivos diet\u00e9ticos. La cafe\u00edna desencadena los siguientes beneficios espec\u00edficos que apoyan a tu rendimiento, enfoque mejorado, alerta elevada, tiempo de reacci\u00f3n m\u00e1s r\u00e1pida, menor fatiga y mayor resistencia. Las tabletas de GAT CAFFEINE te brindan una oleada de 200mg de cafe\u00edna en cualquier momento que lo necesites, para acelerar r\u00e1pidamente tu desempe\u00f1o mental y f\u00edsico con el fin de maximizar tu entrenamiento.<\/p>\n<p>Beneficios de GAT CAFFEINE<br \/>\nApoya el metabolismo<br \/>\nRestaura el estado mental<br \/>\nEleva la energ\u00eda y la resistencia<br \/>\nPromueve la concentraci\u00f3n<\/p>\n","protected":false},"featured_media":186,"template":"","meta":[],"pwb-brand":[83],"product_brand":[],"product_cat":[124,27,220],"product_tag":[178,51],"class_list":{"0":"post-1083","1":"product","2":"type-product","3":"status-publish","4":"has-post-thumbnail","6":"pwb-brand-gat","7":"product_cat-cafeina","8":"product_cat-pre-entreno","9":"product_cat-outlet","10":"product_tag-energia","11":"product_tag-quemador","12":"thunk-woo-product-list","13":"opn-qv-enable","14":"open-woo-hover-zoom","15":"open-single-product-tab-horizontal","16":"open-shadow-","17":"open-shadow-hover-","19":"first","20":"instock","21":"sale","22":"shipping-taxable","23":"purchasable","24":"product-type-simple"},"aioseo_notices":[],"jetpack_sharing_enabled":true,"brands":[{"id":83,"name":"GAT","slug":"gat"}],"_links":{"self":[{"href":"https:\/\/suplever.com\/index.php?rest_route=\/wp\/v2\/product\/1083","targetHints":{"allow":["GET"]}}],"collection":[{"href":"https:\/\/suplever.com\/index.php?rest_route=\/wp\/v2\/product"}],"about":[{"href":"https:\/\/suplever.com\/index.php?rest_route=\/wp\/v2\/types\/product"}],"wp:featuredmedia":[{"embeddable":true,"href":"https:\/\/suplever.com\/index.php?rest_route=\/wp\/v2\/media\/186"}],"wp:attachment":[{"href":"https:\/\/suplever.com\/index.php?rest_route=%2Fwp%2Fv2%2Fmedia&parent=1083"}],"wp:term":[{"taxonomy":"pwb-brand","embeddable":true,"href":"https:\/\/suplever.com\/index.php?rest_route=%2Fwp%2Fv2%2Fpwb-brand&post=1083"},{"taxonomy":"product_brand","embeddable":true,"href":"https:\/\/suplever.com\/index.php?rest_route=%2Fwp%2Fv2%2Fproduct_brand&post=1083"},{"taxonomy":"product_cat","embeddable":true,"href":"https:\/\/suplever.com\/index.php?rest_route=%2Fwp%2Fv2%2Fproduct_cat&post=1083"},{"taxonomy":"product_tag","embeddable":true,"href":"https:\/\/suplever.com\/index.php?rest_route=%2Fwp%2Fv2%2Fproduct_tag&post=1083"}],"curies":[{"name":"wp","href":"https:\/\/api.w.org\/{rel}","templated":true}]}}