{"id":1091,"date":"2023-03-07T01:49:18","date_gmt":"2023-03-07T01:49:18","guid":{"rendered":"https:\/\/suplever.com\/?post_type=product&#038;p=1091"},"modified":"2025-06-18T18:56:56","modified_gmt":"2025-06-18T18:56:56","slug":"joint-support-60-tabs-outlet","status":"publish","type":"product","link":"https:\/\/suplever.com\/?product=joint-support-60-tabs-outlet","title":{"rendered":"Joint Support 60 Tabs (Outlet)"},"content":{"rendered":"<p>PRODUCTO OUTLET<br \/>\nCADUCIDAD: 06\/23<br \/>\nEMPAQUE: PERFECTO ESTADO, NUEVO Y SELLADO<br \/>\n*No aplican cambios ni devoluciones.<\/p>\n<p>Levantar cientos de kilos repetidamente pone mucho desgaste en las articulaciones de los atletas. GAT Joint Support es una f\u00f3rmula premium que contiene glucosamina y condroitina para ayudar a las articulaciones y apoyar a los fisicoculturistas y atletas a alcanzar su m\u00e1ximo rendimiento.<\/p>\n<p>Incluye p\u00e9ptidos de Col\u00e1geno y otros ingredientes para promover una salud \u00f3ptima de las articulaciones y los huesos.<\/p>\n<p>Beneficios de GAT Joint Support<br \/>\n-Glucosamina y Condroitina, Nutrientes para las Articulaciones.<br \/>\n-P\u00e9ptidos de Col\u00e1geno para Soporte de las Articulaciones.<br \/>\n-\u00c1cido Hialur\u00f3nico que ayuda al Soporte Estructural.<\/p>\n","protected":false},"excerpt":{"rendered":"<p>GAT Joint Support es una f\u00f3rmula pr\u00e9mium que contiene glucosamina y condroitina para reforzar las articulaciones de los atletas y fisicoculturistas que trabajan duro y que buscan lograr un rendimiento m\u00e1ximo. El Refuerzo para las articulaciones de GAT tambi\u00e9n incluye p\u00e9ptidos de col\u00e1geno m\u00e1s \u00e1cido hialur\u00f3nico para promover una salud \u00f3ptima de las articulaciones y los huesos.<\/p>\n","protected":false},"featured_media":686,"template":"","meta":[],"pwb-brand":[83],"product_brand":[],"product_cat":[187,220],"product_tag":[191,189,190,188,76],"class_list":{"0":"post-1091","1":"product","2":"type-product","3":"status-publish","4":"has-post-thumbnail","6":"pwb-brand-gat","7":"product_cat-glucosamina","8":"product_cat-outlet","9":"product_tag-articulaciones","10":"product_tag-condroitina","11":"product_tag-gat","12":"product_tag-glucosamina","13":"product_tag-recuperacion","14":"thunk-woo-product-list","15":"opn-qv-enable","16":"open-woo-hover-zoom","17":"open-single-product-tab-horizontal","18":"open-shadow-","19":"open-shadow-hover-","21":"first","22":"instock","23":"sale","24":"shipping-taxable","25":"purchasable","26":"product-type-simple"},"aioseo_notices":[],"jetpack_sharing_enabled":true,"brands":[{"id":83,"name":"GAT","slug":"gat"}],"_links":{"self":[{"href":"https:\/\/suplever.com\/index.php?rest_route=\/wp\/v2\/product\/1091","targetHints":{"allow":["GET"]}}],"collection":[{"href":"https:\/\/suplever.com\/index.php?rest_route=\/wp\/v2\/product"}],"about":[{"href":"https:\/\/suplever.com\/index.php?rest_route=\/wp\/v2\/types\/product"}],"wp:featuredmedia":[{"embeddable":true,"href":"https:\/\/suplever.com\/index.php?rest_route=\/wp\/v2\/media\/686"}],"wp:attachment":[{"href":"https:\/\/suplever.com\/index.php?rest_route=%2Fwp%2Fv2%2Fmedia&parent=1091"}],"wp:term":[{"taxonomy":"pwb-brand","embeddable":true,"href":"https:\/\/suplever.com\/index.php?rest_route=%2Fwp%2Fv2%2Fpwb-brand&post=1091"},{"taxonomy":"product_brand","embeddable":true,"href":"https:\/\/suplever.com\/index.php?rest_route=%2Fwp%2Fv2%2Fproduct_brand&post=1091"},{"taxonomy":"product_cat","embeddable":true,"href":"https:\/\/suplever.com\/index.php?rest_route=%2Fwp%2Fv2%2Fproduct_cat&post=1091"},{"taxonomy":"product_tag","embeddable":true,"href":"https:\/\/suplever.com\/index.php?rest_route=%2Fwp%2Fv2%2Fproduct_tag&post=1091"}],"curies":[{"name":"wp","href":"https:\/\/api.w.org\/{rel}","templated":true}]}}