{"id":119,"date":"2022-06-02T01:35:14","date_gmt":"2022-06-02T01:35:14","guid":{"rendered":"https:\/\/suplever.com\/?post_type=product&#038;p=119"},"modified":"2025-06-18T21:18:12","modified_gmt":"2025-06-18T21:18:12","slug":"insane-amino-hellboy-210-gr","status":"publish","type":"product","link":"https:\/\/suplever.com\/?product=insane-amino-hellboy-210-gr","title":{"rendered":"Insane Amino Hellboy 210 Gr (Outlet)"},"content":{"rendered":"<p>PRODUCTO OUTLET<br \/>\nCADUCIDAD: 03\/25<br \/>\nEMPAQUE: PERFECTO ESTADO, NUEVO Y SELLADO<br \/>\nPRODUCTO: PUEDE PRESENTAR SOLIDIFICACION<br \/>\n*No aplican cambios ni devoluciones.<\/p>\n<p>INTENSA ENERG\u00cdA<br \/>\nREDUCE LA INFLAMACI\u00d3N M\u00daSCULAR<br \/>\nINCREMENTA LA RECUPERACI\u00d3N M\u00daSCULAR<br \/>\nDerrotar a Baba Yaga requiere de un producto de igual fuerza. Insane Amino hace el trabajo y algo m\u00e1s. Cargado de BCAAs en una proporci\u00f3n completa de 2:1:1 e infundido con energ\u00eda extra, Insane Amino est\u00e1 aqu\u00ed para garantizarte que continuar\u00e1s a\u00fan mucho despu\u00e9s de haber derrotado al gym.<\/p>\n","protected":false},"excerpt":{"rendered":"<p>INTENSA ENERG\u00cdA<br \/>\nREDUCE LA INFLAMACI\u00d3N M\u00daSCULAR<br \/>\nINCREMENTA LA RECUPERACI\u00d3N M\u00daSCULAR<br \/>\nDerrotar a Baba Yaga requiere de un producto de igual fuerza. Insane Amino hace el trabajo y algo m\u00e1s. Cargado de BCAAs en una proporci\u00f3n completa de 2:1:1 e infundido con energ\u00eda extra, Insane Amino est\u00e1 aqu\u00ed para garantizarte que continuar\u00e1s a\u00fan mucho despu\u00e9s de haber derrotado al gym.<\/p>\n","protected":false},"featured_media":120,"template":"","meta":[],"pwb-brand":[79],"product_brand":[],"product_cat":[31,95,220],"product_tag":[97,96,103,102],"class_list":{"0":"post-119","1":"product","2":"type-product","3":"status-publish","4":"has-post-thumbnail","6":"pwb-brand-insane-labz","7":"product_cat-aminoacidos-y-mas","8":"product_cat-aminos","9":"product_cat-outlet","10":"product_tag-aminoacidos","11":"product_tag-aminos","12":"product_tag-hell-boy","13":"product_tag-insane","14":"thunk-woo-product-list","15":"opn-qv-enable","16":"open-woo-hover-zoom","17":"open-single-product-tab-horizontal","18":"open-shadow-","19":"open-shadow-hover-","21":"first","22":"instock","23":"sale","24":"shipping-taxable","25":"purchasable","26":"product-type-simple"},"aioseo_notices":[],"jetpack_sharing_enabled":true,"brands":[{"id":79,"name":"Insane labz","slug":"insane-labz"}],"_links":{"self":[{"href":"https:\/\/suplever.com\/index.php?rest_route=\/wp\/v2\/product\/119","targetHints":{"allow":["GET"]}}],"collection":[{"href":"https:\/\/suplever.com\/index.php?rest_route=\/wp\/v2\/product"}],"about":[{"href":"https:\/\/suplever.com\/index.php?rest_route=\/wp\/v2\/types\/product"}],"wp:featuredmedia":[{"embeddable":true,"href":"https:\/\/suplever.com\/index.php?rest_route=\/wp\/v2\/media\/120"}],"wp:attachment":[{"href":"https:\/\/suplever.com\/index.php?rest_route=%2Fwp%2Fv2%2Fmedia&parent=119"}],"wp:term":[{"taxonomy":"pwb-brand","embeddable":true,"href":"https:\/\/suplever.com\/index.php?rest_route=%2Fwp%2Fv2%2Fpwb-brand&post=119"},{"taxonomy":"product_brand","embeddable":true,"href":"https:\/\/suplever.com\/index.php?rest_route=%2Fwp%2Fv2%2Fproduct_brand&post=119"},{"taxonomy":"product_cat","embeddable":true,"href":"https:\/\/suplever.com\/index.php?rest_route=%2Fwp%2Fv2%2Fproduct_cat&post=119"},{"taxonomy":"product_tag","embeddable":true,"href":"https:\/\/suplever.com\/index.php?rest_route=%2Fwp%2Fv2%2Fproduct_tag&post=119"}],"curies":[{"name":"wp","href":"https:\/\/api.w.org\/{rel}","templated":true}]}}