{"id":1944,"date":"2024-05-11T18:38:05","date_gmt":"2024-05-11T18:38:05","guid":{"rendered":"https:\/\/suplever.com\/?post_type=product&#038;p=1944"},"modified":"2025-11-27T06:02:59","modified_gmt":"2025-11-27T06:02:59","slug":"anabolic-peak-muscle-mass-12lbs-inner-armour","status":"publish","type":"product","link":"https:\/\/suplever.com\/?product=anabolic-peak-muscle-mass-12lbs-inner-armour","title":{"rendered":"Anabolic Peak Muscle Mass 12lbs INNER ARMOUR"},"content":{"rendered":"<p>Gana Masa Muscular con Anabolic Peak<\/p>\n<p>Anabolic Peak proporciona hidrolizados de suero de leche de liberaci\u00f3n r\u00e1pida, case\u00edna de liberaci\u00f3n sostenida y aislados de prote\u00ednas para ayudar a los atletas a ganar masa muscular. La investigaci\u00f3n metab\u00f3lica sugiere que ingerir un suplemento de amino\u00e1cidos \/ prote\u00ednas de acci\u00f3n r\u00e1pida aumenta los niveles de amino\u00e1cidos en un proceso metab\u00f3lico conocido como circulaci\u00f3n sist\u00e9mica. Como resultado, m\u00e1s amino\u00e1cidos esenciales est\u00e1n disponibles para la s\u00edntesis de prote\u00ednas complejas y el crecimiento muscular anab\u00f3lico.<\/p>\n<p>Maximiza la potencia de salida<br \/>\nPotencia de salida = trabajo \/ tiempo o P = w \/ t<\/p>\n<p>Para destacar en el gimnasio o en el campo, los atletas tienen que mantener una alta fuerza durante per\u00edodos prolongados de tiempo. Potencia = velocidad x fuerza. Aumentar la magnitud del tejido muscular de un atleta, aumenta su capacidad para generar energ\u00eda, es decir, la aplicaci\u00f3n de fuerza a una velocidad dada a lo largo del tiempo. Anabolic Peak promueve la recuperaci\u00f3n del tejido muscular y ayuda a maximizar la producci\u00f3n de energ\u00eda durante los entrenamientos en el campo o en el gimnasio.<\/p>\n","protected":false},"excerpt":{"rendered":"<p>Anabolic Peak proporciona hidrolizados de suero de leche de liberaci\u00f3n r\u00e1pida, case\u00edna de liberaci\u00f3n sostenida y aislados de prote\u00ednas para ayudar a los atletas a ganar masa muscular. La investigaci\u00f3n metab\u00f3lica sugiere que ingerir un suplemento de amino\u00e1cidos \/ prote\u00ednas de acci\u00f3n r\u00e1pida aumenta los niveles de amino\u00e1cidos en un proceso metab\u00f3lico conocido como circulaci\u00f3n sist\u00e9mica. Como resultado, m\u00e1s amino\u00e1cidos esenciales est\u00e1n disponibles para la s\u00edntesis de prote\u00ednas complejas y el crecimiento muscular anab\u00f3lico.<\/p>\n","protected":false},"featured_media":1945,"template":"","meta":[],"pwb-brand":[237],"product_brand":[],"product_cat":[25],"product_tag":[23,40],"class_list":{"0":"post-1944","1":"product","2":"type-product","3":"status-publish","4":"has-post-thumbnail","6":"pwb-brand-inner-armour","7":"product_cat-ganadores-de-volumen","8":"product_tag-proteina","9":"product_tag-volumen","10":"thunk-woo-product-list","11":"opn-qv-enable","12":"open-woo-hover-zoom","13":"open-single-product-tab-horizontal","14":"open-shadow-","15":"open-shadow-hover-","17":"first","18":"outofstock","19":"shipping-taxable","20":"purchasable","21":"product-type-simple"},"aioseo_notices":[],"jetpack_sharing_enabled":true,"brands":[{"id":237,"name":"Inner Armour","slug":"inner-armour"}],"_links":{"self":[{"href":"https:\/\/suplever.com\/index.php?rest_route=\/wp\/v2\/product\/1944","targetHints":{"allow":["GET"]}}],"collection":[{"href":"https:\/\/suplever.com\/index.php?rest_route=\/wp\/v2\/product"}],"about":[{"href":"https:\/\/suplever.com\/index.php?rest_route=\/wp\/v2\/types\/product"}],"wp:featuredmedia":[{"embeddable":true,"href":"https:\/\/suplever.com\/index.php?rest_route=\/wp\/v2\/media\/1945"}],"wp:attachment":[{"href":"https:\/\/suplever.com\/index.php?rest_route=%2Fwp%2Fv2%2Fmedia&parent=1944"}],"wp:term":[{"taxonomy":"pwb-brand","embeddable":true,"href":"https:\/\/suplever.com\/index.php?rest_route=%2Fwp%2Fv2%2Fpwb-brand&post=1944"},{"taxonomy":"product_brand","embeddable":true,"href":"https:\/\/suplever.com\/index.php?rest_route=%2Fwp%2Fv2%2Fproduct_brand&post=1944"},{"taxonomy":"product_cat","embeddable":true,"href":"https:\/\/suplever.com\/index.php?rest_route=%2Fwp%2Fv2%2Fproduct_cat&post=1944"},{"taxonomy":"product_tag","embeddable":true,"href":"https:\/\/suplever.com\/index.php?rest_route=%2Fwp%2Fv2%2Fproduct_tag&post=1944"}],"curies":[{"name":"wp","href":"https:\/\/api.w.org\/{rel}","templated":true}]}}