{"id":1957,"date":"2024-05-11T19:21:17","date_gmt":"2024-05-11T19:21:17","guid":{"rendered":"https:\/\/suplever.com\/?post_type=product&#038;p=1957"},"modified":"2025-05-27T16:02:00","modified_gmt":"2025-05-27T16:02:00","slug":"whey-protein-matrix-5-lb-inner-armour","status":"publish","type":"product","link":"https:\/\/suplever.com\/?product=whey-protein-matrix-5-lb-inner-armour","title":{"rendered":"Whey Protein Matrix 5 Lb INNER ARMOUR"},"content":{"rendered":"<p>PROTE\u00cdNA ALIMENTADA CON PASTO DE NUEVA ZELANDA<\/p>\n<p>La matriz de Prote\u00edna de suero de leche de Inner Armour contiene prote\u00ednas alimentadas con pasto de Nueva Zelanda. Esta prote\u00edna limita los altos niveles de Leucina natural, que es uno de los tres Amino\u00e1cidos esenciales de cadena ramificada (BCAA). Estos Amino\u00e1cidos son utilizados por los m\u00fasculos para proporcionar energ\u00eda durante el ejercicio.<\/p>\n<p>La Leucina puede ayudar a su cuerpo a retener la masa muscular durante el entrenamiento. Mantener la masa muscular es importante tanto para la p\u00e9rdida de peso inicial como para el mantenimiento del peso porque un aumento en la masa muscular puede ayudar a su cuerpo a quemar m\u00e1s calor\u00edas cada d\u00eda.<br \/>\nCon Whey Protein Matrix, alcanzar\u00e1 sus objetivos diarios de prote\u00ednas junto con la construcci\u00f3n de m\u00fasculo con un producto de Lactosa de tronco. Cada servicio de Whey Protein Matrix contiene unos impresionantes 24 gr de Prote\u00edna y es bajo en az\u00facar, bajo en grasa, bajo en lactosa, bajo en calor\u00edas, libre de OGM y sin gluten.<\/p>\n<p>Utiliza los productos de nutrici\u00f3n deportiva Inner Armour y te ayudaremos a conseguir tus propios resultados indiscutibles.<\/p>\n","protected":false},"excerpt":{"rendered":"<p>Con Whey Protein Matrix, alcanzar\u00e1 sus objetivos diarios de prote\u00ednas junto con la construcci\u00f3n de m\u00fasculo con un producto de Lactosa de tronco. Cada servicio de Whey Protein Matrix contiene unos impresionantes 24 gr de Prote\u00edna y es bajo en az\u00facar, bajo en grasa, bajo en lactosa, bajo en calor\u00edas, libre de OGM y sin gluten.<\/p>\n","protected":false},"featured_media":1958,"template":"","meta":[],"pwb-brand":[237],"product_brand":[],"product_cat":[20,61],"product_tag":[24],"class_list":{"0":"post-1957","1":"product","2":"type-product","3":"status-publish","4":"has-post-thumbnail","6":"pwb-brand-inner-armour","7":"product_cat-proteinas","8":"product_cat-whey-protein","9":"product_tag-whey-protein","10":"thunk-woo-product-list","11":"opn-qv-enable","12":"open-woo-hover-zoom","13":"open-single-product-tab-horizontal","14":"open-shadow-","15":"open-shadow-hover-","17":"first","18":"instock","19":"shipping-taxable","20":"purchasable","21":"product-type-simple"},"aioseo_notices":[],"jetpack_sharing_enabled":true,"brands":[{"id":237,"name":"Inner Armour","slug":"inner-armour"}],"_links":{"self":[{"href":"https:\/\/suplever.com\/index.php?rest_route=\/wp\/v2\/product\/1957","targetHints":{"allow":["GET"]}}],"collection":[{"href":"https:\/\/suplever.com\/index.php?rest_route=\/wp\/v2\/product"}],"about":[{"href":"https:\/\/suplever.com\/index.php?rest_route=\/wp\/v2\/types\/product"}],"wp:featuredmedia":[{"embeddable":true,"href":"https:\/\/suplever.com\/index.php?rest_route=\/wp\/v2\/media\/1958"}],"wp:attachment":[{"href":"https:\/\/suplever.com\/index.php?rest_route=%2Fwp%2Fv2%2Fmedia&parent=1957"}],"wp:term":[{"taxonomy":"pwb-brand","embeddable":true,"href":"https:\/\/suplever.com\/index.php?rest_route=%2Fwp%2Fv2%2Fpwb-brand&post=1957"},{"taxonomy":"product_brand","embeddable":true,"href":"https:\/\/suplever.com\/index.php?rest_route=%2Fwp%2Fv2%2Fproduct_brand&post=1957"},{"taxonomy":"product_cat","embeddable":true,"href":"https:\/\/suplever.com\/index.php?rest_route=%2Fwp%2Fv2%2Fproduct_cat&post=1957"},{"taxonomy":"product_tag","embeddable":true,"href":"https:\/\/suplever.com\/index.php?rest_route=%2Fwp%2Fv2%2Fproduct_tag&post=1957"}],"curies":[{"name":"wp","href":"https:\/\/api.w.org\/{rel}","templated":true}]}}