{"id":2042,"date":"2024-05-29T01:37:03","date_gmt":"2024-05-29T01:37:03","guid":{"rendered":"https:\/\/suplever.com\/?post_type=product&#038;p=2042"},"modified":"2024-05-29T01:37:03","modified_gmt":"2024-05-29T01:37:03","slug":"creakong-1-kg-mutant","status":"publish","type":"product","link":"https:\/\/suplever.com\/?product=creakong-1-kg-mutant","title":{"rendered":"Creakong 1 Kg Mutant"},"content":{"rendered":"<p>CREAKONG&#8230;La combinaci\u00f3n perfecta de creatina: Creapure\u00ae, Creatine MagnaPower y TriCreatina Citrato.<br \/>\nCreakong es un producto a base de 3 formas de creatina l\u00edderes en el mercado y de la m\u00e1s alta calidad: creatina monohidrato Creapure\u00ae, creatina magnesio quelato (Creatine MagnaPower\u00ae) y Tri-creatina Citrato.<\/p>\n<p>La creatina es uno de los ingredientes de nutrici\u00f3n deportiva m\u00e1s estudiados y eficaces, y su consumo es capaz de mejorar el rendimiento deportivo, incrementar la fuerza y el volumen muscular y acelera la recuperaci\u00f3n entre esfuerzos.<\/p>\n<p>Creakong. Caracter\u00edsticas principales:<br \/>\n-4 g de Creakong Creatine Blend por dosis*.<br \/>\n-Creatina monohidrato Creapure\u00ae.<br \/>\n-Creatina MagnaPower\u00ae.<br \/>\n-Tri-creatina Citrato.<br \/>\n-300 g por envase (75 dosis).<br \/>\n-Dosis: 4 g de producto.<\/p>\n<p>Creakong. Efectos principales:<br \/>\nAumenta la fuerza muscular, el rendimiento f\u00edsico y la velocidad.<br \/>\nFavorece el desarrollo muscular y el volumen muscular.<br \/>\nMejora la recuperaci\u00f3n entre esfuerzos repetidos de alta intensidad y corta duraci\u00f3n.<\/p>\n<p>Creakong. La ciencia detr\u00e1s:<br \/>\nCreakong se compone \u00fanicamente de un complejo denominado Creakong Creatine Blend formado por creatina monohidrato Creapure\u00ae, Creatina magnesio quelato (Creatine MagnaPower\u00ae) y por Tri-creatina citrato. Los 3 tipos de creatina act\u00faan incrementando los niveles de fosfocreatina en el interior de las c\u00e9lulas. Mayor cantidad de fosfocreatina significa m\u00e1s energ\u00eda disponible para la actividad f\u00edsica. La creatina aumenta el di\u00e1metro de las fibras musculares, mejora el rendimiento y la fuerza. Tambi\u00e9n puede retrasar la fatiga, atenuar el da\u00f1o muscular y mejorar la recuperaci\u00f3n<\/p>\n<p>Creakong es una forma de proporcionar las ventajas de cada tipo de creatina ayudando a minimizar las posibles intolerancias que puedan ocasionar cantidades grandes de un solo tipo de creatina.<\/p>\n<p>Creakong. Objetivos principales:<br \/>\nDesarrollo muscular.<\/p>\n<p>Mejora del entrenamiento.<\/p>\n<p>Entrenamientos m\u00e1s intensos.<\/p>\n<p>Aumento de la fuerza.<\/p>\n<p>\u00bfQui\u00e9n puede beneficiarse de Creakong?<br \/>\nPracticantes de Fitness que deseen incrementar sus niveles de energ\u00eda durante los entrenamientos, incrementar su fuerza y aumentar su masa muscular.<br \/>\nAtletas de fuerza y potencia, aficionados a las artes marciales, deportes de contacto, deportes de alta intensidad, deportes de equipo, velocistas, media distancia, salto, lanzamientos, halterofilia\u2026.<br \/>\nCreakong. C\u00f3mo combinar:<br \/>\nEl consumo de creatina puede verse potenciado con el consumo de carbohidratos, ya que estimulan la absorci\u00f3n de las creatinas y favorece su entrada al interior de las c\u00e9lulas gracias a la acci\u00f3n de la insulina. La absorci\u00f3n de la creatina tambi\u00e9n puede ser potenciada por el consumo de prote\u00ednas, por lo que ser\u00eda aconsejable combinar este producto con una prote\u00edna de suero, por esta raz\u00f3n puede ser una muy buena idea a\u00f1adir Creakong al batido post-entrenamiento como por ejemplo Mutant Whey o Mutant Mass si se est\u00e1 en fase de volumen.<\/p>\n<p>Para conseguir a\u00fan mejores resultados de Creakong tambi\u00e9n pueden utilizarse otros productos Mutant como los amino\u00e1cidos Mutant BCAA repartidos a lo largo del d\u00eda o BCAA solubles durante el entrenamiento (Mutant BCAA 9.7). Para potenciar el rendimiento durante el entrenamiento puede tomarse Mutant Pump y para potenciar el sistema hormonal puede combinarse con Mutant Test.<\/p>\n","protected":false},"excerpt":{"rendered":"<p>Creakong. Caracter\u00edsticas principales:<br \/>\n-4 g de Creakong Creatine Blend por dosis*.<br \/>\n-Creatina monohidrato Creapure\u00ae.<br \/>\n-Creatina MagnaPower\u00ae.<br \/>\n-Tri-creatina Citrato.<br \/>\n-300 g por envase (75 dosis).<br \/>\n-Dosis: 4 g de producto.<\/p>\n","protected":false},"featured_media":2043,"template":"","meta":[],"pwb-brand":[81],"product_brand":[],"product_cat":[30],"product_tag":[],"class_list":{"0":"post-2042","1":"product","2":"type-product","3":"status-publish","4":"has-post-thumbnail","6":"pwb-brand-mutant","7":"product_cat-creatina","8":"thunk-woo-product-list","9":"opn-qv-enable","10":"open-woo-hover-zoom","11":"open-single-product-tab-horizontal","12":"open-shadow-","13":"open-shadow-hover-","15":"first","16":"instock","17":"shipping-taxable","18":"purchasable","19":"product-type-simple"},"aioseo_notices":[],"jetpack_sharing_enabled":true,"brands":[{"id":81,"name":"Mutant","slug":"mutant"}],"_links":{"self":[{"href":"https:\/\/suplever.com\/index.php?rest_route=\/wp\/v2\/product\/2042","targetHints":{"allow":["GET"]}}],"collection":[{"href":"https:\/\/suplever.com\/index.php?rest_route=\/wp\/v2\/product"}],"about":[{"href":"https:\/\/suplever.com\/index.php?rest_route=\/wp\/v2\/types\/product"}],"wp:featuredmedia":[{"embeddable":true,"href":"https:\/\/suplever.com\/index.php?rest_route=\/wp\/v2\/media\/2043"}],"wp:attachment":[{"href":"https:\/\/suplever.com\/index.php?rest_route=%2Fwp%2Fv2%2Fmedia&parent=2042"}],"wp:term":[{"taxonomy":"pwb-brand","embeddable":true,"href":"https:\/\/suplever.com\/index.php?rest_route=%2Fwp%2Fv2%2Fpwb-brand&post=2042"},{"taxonomy":"product_brand","embeddable":true,"href":"https:\/\/suplever.com\/index.php?rest_route=%2Fwp%2Fv2%2Fproduct_brand&post=2042"},{"taxonomy":"product_cat","embeddable":true,"href":"https:\/\/suplever.com\/index.php?rest_route=%2Fwp%2Fv2%2Fproduct_cat&post=2042"},{"taxonomy":"product_tag","embeddable":true,"href":"https:\/\/suplever.com\/index.php?rest_route=%2Fwp%2Fv2%2Fproduct_tag&post=2042"}],"curies":[{"name":"wp","href":"https:\/\/api.w.org\/{rel}","templated":true}]}}