{"id":2108,"date":"2024-08-27T17:45:20","date_gmt":"2024-08-27T17:45:20","guid":{"rendered":"https:\/\/suplever.com\/?post_type=product&#038;p=2108"},"modified":"2024-11-29T02:00:26","modified_gmt":"2024-11-29T02:00:26","slug":"clacarnitine-300gr","status":"publish","type":"product","link":"https:\/\/suplever.com\/?product=clacarnitine-300gr","title":{"rendered":"CLA+Carnitine 300gr"},"content":{"rendered":"<p>CLA + CARNITINE<br \/>\nBPI Sports CLA + Carnitine es un suplemento de p\u00e9rdida de peso sin estimulantes, testeado y confiable, que no solo ayuda a aumentar el rendimiento, sino que tambi\u00e9n mejora el metabolismo. El \u00e1cido linoleico conjugado (CLA) y la carnitina son dos ingredientes populares que han demostrado cl\u00ednicamente ayudan a controlar el peso. El CLA act\u00faa inhibiendo la lipoprote\u00edna lipasa (LPL). La LPL permite que las c\u00e9lulas grasas extraigan grasa del torrente sangu\u00edneo y la almacenen. Al frenar la LPL, el CLA previene eficazmente el almacenamiento de grasa, lo que alienta al cuerpo a quemarlo. La carnitina apoya en la p\u00e9rdida de peso debido a su funci\u00f3n como transportador de grasa. Incluso cuando quemas una tonelada de calor\u00edas cada d\u00eda, no necesariamente quemar\u00e1s grasa. Eso es porque la grasa debe llegar primero a las mitocondrias, la fuente de energ\u00eda de las c\u00e9lulas de tu cuerpo. La forma m\u00e1s sencilla de asegurarse de que esto suceda es suplementar con un transportador de grasa, como la carnitina. La carnitina ayuda a maximizar la cantidad de c\u00e9lulas grasas liberadas que puedes quemar para siempre al transportar las c\u00e9lulas grasas directamente a las mitocondrias.<\/p>\n<p>Principales Beneficios:<br \/>\n-CONVIERTE LA GRASA EN ENERG\u00cdA:<br \/>\nEsta f\u00f3rmula contiene \u00e1cido linoleico conjugado (CLA) y carnitina, dos ingredientes populares que han demostrado funcionan sin\u00e9rgicamente para ayudar al cuerpo a convertir las c\u00e9lulas grasas en energ\u00eda.<\/p>\n<p>-P\u00c9RDIDA DE PESO:<br \/>\nLa carnitina funciona como un transportador de grasa, ayudando a mover las c\u00e9lulas grasas a las mitocondrias donde se queman para siempre. El CLA act\u00faa inhibiendo la lipoprote\u00edna lipasa (LPL). La LPL permite que las c\u00e9lulas grasas extraigan grasa del torrente sangu\u00edneo y la almacenen. Al frenar la LPL, el CLA previene eficazmente el almacenamiento de grasa, lo que alienta al cuerpo a quemarlo.<\/p>\n<p>-MEJORA EL METABOLISMO:<br \/>\nEl CLA ayuda a preservar la masa muscular magra. Cuanto m\u00e1s m\u00fasculo tengas, m\u00e1s calor\u00edas podr\u00e1 quemar tu cuerpo, lo que mejora el metabolismo.<\/p>\n<p>-SIN ESTIMULANTES:<br \/>\nA diferencia de muchos quemadores de grasa, CLA + Carnitina no contiene estimulantes. Puedes tomarlo en cualquier momento del d\u00eda o apilarlo con otro quemador de grasa para mejorar los efectos.<\/p>\n<p>P\u00c9RDIDA DE PESO SIN ESTIMULANTES Y LIBRE DE AZ\u00daCAR<br \/>\nCLA + Carnitina es un delicioso polvo para bajar de peso, formulado para aquellos a quienes no les gustan los nervios y los bajones com\u00fanmente asociados con los quemagrasas. El \u00e1cido linoleico conjugado (CLA) y la carnitina son ingredientes naturales no estimulantes que trabajan sin\u00e9rgicamente para convertir la grasa en energ\u00eda y prevenir el almacenamiento futuro de grasa. El CLA tambi\u00e9n apoya al crecimiento de la masa muscular al prevenir la degradaci\u00f3n de las prote\u00ednas musculares.<\/p>\n","protected":false},"excerpt":{"rendered":"<p>CONVIERTE LA GRASA EN ENERG\u00cdA<br \/>\nEl CLA y la Carnitina actu\u00e1n sin\u00e9rgicamente para ayudar al cuerpo a transformar las celulas grasas en energ\u00eda<\/p>\n<p>ESTIMULA LE P\u00c9RDIDA DE PESO<br \/>\nLa carnitina act\u00faa como un transportador de grasa, ayudando a mover las c\u00e9lulas grasas a las mitocondrias donde se queman para obtener energ\u00eda<\/p>\n<p>MEJORA EL METABOLISMO<br \/>\nEl CLA en polvo ha sido desarrollado para ayudar a tu cuerpo a preservar la masa muscular. Cuanto m\u00e1s m\u00fasculo tengas, m\u00e1s calor\u00edas podr\u00e1 quemar tu cuerpo, lo que mejora el metabolismo.<\/p>\n<p>PRINCIPALES INGREDIENTES DE CLA + CARNITINE<br \/>\n&#8211; \u00c1cido linoleico conjugado (CLA)<br \/>\nAyuda a mantener la masa muscular magra.<br \/>\n&#8211; Carnitina<br \/>\nEste amino\u00e1cido ayuda a utilizar los \u00e1cidos grasos como energ\u00eda.<\/p>\n<p>BPI: CALIDAD EN LA QUE PUEDES CONFIAR<\/p>\n","protected":false},"featured_media":2109,"template":"","meta":[],"pwb-brand":[231],"product_brand":[],"product_cat":[26,185,77],"product_tag":[],"class_list":{"0":"post-2108","1":"product","2":"type-product","3":"status-publish","4":"has-post-thumbnail","6":"pwb-brand-bpi","7":"product_cat-quemadores-de-grasa","8":"product_cat-cla","9":"product_cat-carnitina","10":"thunk-woo-product-list","11":"opn-qv-enable","12":"open-woo-hover-zoom","13":"open-single-product-tab-horizontal","14":"open-shadow-","15":"open-shadow-hover-","17":"first","18":"instock","19":"shipping-taxable","20":"purchasable","21":"product-type-simple"},"aioseo_notices":[],"jetpack_sharing_enabled":true,"brands":[{"id":231,"name":"Bpi","slug":"bpi"}],"_links":{"self":[{"href":"https:\/\/suplever.com\/index.php?rest_route=\/wp\/v2\/product\/2108","targetHints":{"allow":["GET"]}}],"collection":[{"href":"https:\/\/suplever.com\/index.php?rest_route=\/wp\/v2\/product"}],"about":[{"href":"https:\/\/suplever.com\/index.php?rest_route=\/wp\/v2\/types\/product"}],"wp:featuredmedia":[{"embeddable":true,"href":"https:\/\/suplever.com\/index.php?rest_route=\/wp\/v2\/media\/2109"}],"wp:attachment":[{"href":"https:\/\/suplever.com\/index.php?rest_route=%2Fwp%2Fv2%2Fmedia&parent=2108"}],"wp:term":[{"taxonomy":"pwb-brand","embeddable":true,"href":"https:\/\/suplever.com\/index.php?rest_route=%2Fwp%2Fv2%2Fpwb-brand&post=2108"},{"taxonomy":"product_brand","embeddable":true,"href":"https:\/\/suplever.com\/index.php?rest_route=%2Fwp%2Fv2%2Fproduct_brand&post=2108"},{"taxonomy":"product_cat","embeddable":true,"href":"https:\/\/suplever.com\/index.php?rest_route=%2Fwp%2Fv2%2Fproduct_cat&post=2108"},{"taxonomy":"product_tag","embeddable":true,"href":"https:\/\/suplever.com\/index.php?rest_route=%2Fwp%2Fv2%2Fproduct_tag&post=2108"}],"curies":[{"name":"wp","href":"https:\/\/api.w.org\/{rel}","templated":true}]}}