{"id":297,"date":"2022-06-02T20:53:46","date_gmt":"2022-06-02T20:53:46","guid":{"rendered":"https:\/\/suplever.com\/?post_type=product&#038;p=297"},"modified":"2023-07-25T00:34:27","modified_gmt":"2023-07-25T00:34:27","slug":"hydroxycut-sx-7-black-onyx-80-caps","status":"publish","type":"product","link":"https:\/\/suplever.com\/?product=hydroxycut-sx-7-black-onyx-80-caps","title":{"rendered":"Hydroxycut SX-7 Black Onyx 80 Caps"},"content":{"rendered":"<p>El nuevo Hydroxycut SX-7 Black Onyx de Muscletech es la f\u00f3rmula m\u00e1s hardcore y de vanguardia en el mercado hoy en d\u00eda.<\/p>\n<p>Potenciado con 7 ingredientes de primera calidad en una combinaci\u00f3n nunca antes vista. S\u00f3lo una dosis proporciona una sobrecarga sensorial inigualable, algo que quiz\u00e1s no hayas probado nunca.<\/p>\n<p>OBT\u00c9N UNA EXPERIENCIA SENSORIAL POTENTE AYUDA A TENER ENERG\u00cdA EXTRA<\/p>\n<p>AUMENTAR ENERG\u00cdA, PIERDE PESO Y TONIFICA<br \/>\nSalvia miltiorrhiza : Una hierba que contienen diversos \u00e1cidos fen\u00f3licos como deanshensu y \u00e1cido salvian\u00f3lico B, as\u00ed como compuestos de diterpeno como cryptotanshinone, la salvia se ha a\u00f1adido para mejorar la experiencia sensorial.<\/p>\n<p>Coleo : Un antigua subtropical hierba de forskolina. Se ha usado durante a\u00f1os por sus efectos cuando se combina con la cafe\u00edna.<\/p>\n<p>Teanina : Un amino\u00e1cido que contribuye a la experiencia sensorial \u00fanica.<\/p>\n<p>La cafe\u00edna anhidra : Investigado cient\u00edficamente demostrado ingrediente para mejorar la termog\u00e9nesis, aumentar la energ\u00eda y mejorar la concentraci\u00f3n mental.<\/p>\n<p>Extracto de corteza de yohimbe : Ssuministra una dosis muy potente de la yohimbina compuestos activos y rauwolscina.<\/p>\n<p>Extracto de caf\u00e9 verde : Los sujetos que tomaron 200 mg de caf\u00e9 verde de alta calidad estandarizada para los \u00e1cidos clorog\u00e9nicos 45% perdi\u00f3 10,95 lbs. en 60 d\u00edas con una dieta baja en calor\u00edas y 3.7 lbs. en 8 semanas con una dieta reducida en calor\u00edas y ejercicio moderado.<\/p>\n<p>Satsuma naranja : Un antiguo c\u00edtrico japon\u00e9s que contiene el compuesto de carotenoides beta-criptoxantina, un activo \u00fanico.<\/p>\n<p>Ayuda a perder peso y grasa corporal<br \/>\nAyuda a tener energ\u00eda extra<br \/>\nMejor control de apetito y ansiedad.<br \/>\n\u00danico con antioxidantes<\/p>\n","protected":false},"excerpt":{"rendered":"<p>El nuevo Hydroxycut SX-7 Black Onyx de Muscletech es la f\u00f3rmula m\u00e1s hardcore y de vanguardia en el mercado hoy en d\u00eda.<\/p>\n<p>Ayuda a perder peso y grasa corporal<br \/>\nAyuda a tener energ\u00eda extra<br \/>\nMejor control de apetito y ansiedad.<br \/>\n\u00danico con antioxidantes<\/p>\n","protected":false},"featured_media":298,"template":"","meta":[],"pwb-brand":[90],"product_brand":[],"product_cat":[26],"product_tag":[],"class_list":{"0":"post-297","1":"product","2":"type-product","3":"status-publish","4":"has-post-thumbnail","6":"pwb-brand-muscletech","7":"product_cat-quemadores-de-grasa","8":"thunk-woo-product-list","9":"opn-qv-enable","10":"open-woo-hover-zoom","11":"open-single-product-tab-horizontal","12":"open-shadow-","13":"open-shadow-hover-","15":"first","16":"outofstock","17":"shipping-taxable","18":"purchasable","19":"product-type-simple"},"aioseo_notices":[],"jetpack_sharing_enabled":true,"brands":[{"id":90,"name":"Muscletech","slug":"muscletech"}],"_links":{"self":[{"href":"https:\/\/suplever.com\/index.php?rest_route=\/wp\/v2\/product\/297","targetHints":{"allow":["GET"]}}],"collection":[{"href":"https:\/\/suplever.com\/index.php?rest_route=\/wp\/v2\/product"}],"about":[{"href":"https:\/\/suplever.com\/index.php?rest_route=\/wp\/v2\/types\/product"}],"wp:featuredmedia":[{"embeddable":true,"href":"https:\/\/suplever.com\/index.php?rest_route=\/wp\/v2\/media\/298"}],"wp:attachment":[{"href":"https:\/\/suplever.com\/index.php?rest_route=%2Fwp%2Fv2%2Fmedia&parent=297"}],"wp:term":[{"taxonomy":"pwb-brand","embeddable":true,"href":"https:\/\/suplever.com\/index.php?rest_route=%2Fwp%2Fv2%2Fpwb-brand&post=297"},{"taxonomy":"product_brand","embeddable":true,"href":"https:\/\/suplever.com\/index.php?rest_route=%2Fwp%2Fv2%2Fproduct_brand&post=297"},{"taxonomy":"product_cat","embeddable":true,"href":"https:\/\/suplever.com\/index.php?rest_route=%2Fwp%2Fv2%2Fproduct_cat&post=297"},{"taxonomy":"product_tag","embeddable":true,"href":"https:\/\/suplever.com\/index.php?rest_route=%2Fwp%2Fv2%2Fproduct_tag&post=297"}],"curies":[{"name":"wp","href":"https:\/\/api.w.org\/{rel}","templated":true}]}}