{"id":62,"date":"2022-06-02T00:04:39","date_gmt":"2022-06-02T00:04:39","guid":{"rendered":"https:\/\/suplever.com\/?post_type=product&#038;p=62"},"modified":"2025-06-18T21:18:58","modified_gmt":"2025-06-18T21:18:58","slug":"carnitine-90-caps","status":"publish","type":"product","link":"https:\/\/suplever.com\/?product=carnitine-90-caps","title":{"rendered":"Carnitine 90 Caps (Outlet)"},"content":{"rendered":"<p>PRODUCTO OUTLET<br \/>\nCADUCIDAD: 07\/24<br \/>\nEMPAQUE: BOTE ALGO APLASTADO, NUEVO Y SELLADO<br \/>\n*No aplican cambios ni devoluciones.<\/p>\n<p>La L-Carnitina de Carnitine+ es un amino\u00e1cido modificado que favorece la producci\u00f3n de energ\u00eda celular asistiendo el transporte de grasa a la mitocondria donde se lleva a cabo la beta oxidaci\u00f3n de \u00e9sta para la producci\u00f3n de ATP (Energ\u00eda celular).<\/p>\n<p>Uso Recomendado: Como suplemento alimenticio para adulto, toma 1-2 capsulas 1-2 veces al d\u00eda preferentemente con una comida.<\/p>\n","protected":false},"excerpt":{"rendered":"<p>La L-Carnitina de Carnitine+ es un amino\u00e1cido modificado que favorece la producci\u00f3n de energ\u00eda celular asistiendo el transporte de grasa a la mitocondria donde se lleva a cabo la beta oxidaci\u00f3n de \u00e9sta para la producci\u00f3n de ATP (Energ\u00eda celular).<\/p>\n","protected":false},"featured_media":63,"template":"","meta":[],"pwb-brand":[49],"product_brand":[],"product_cat":[77,220],"product_tag":[54,52,53,50,51],"class_list":{"0":"post-62","1":"product","2":"type-product","3":"status-publish","4":"has-post-thumbnail","6":"pwb-brand-meta-nutrition","7":"product_cat-carnitina","8":"product_cat-outlet","9":"product_tag-carnitine","10":"product_tag-carnitirna","11":"product_tag-l-carnitina","12":"product_tag-meta-nutririon","13":"product_tag-quemador","14":"thunk-woo-product-list","15":"opn-qv-enable","16":"open-woo-hover-zoom","17":"open-single-product-tab-horizontal","18":"open-shadow-","19":"open-shadow-hover-","21":"first","22":"instock","23":"sale","24":"shipping-taxable","25":"purchasable","26":"product-type-simple"},"aioseo_notices":[],"jetpack_sharing_enabled":true,"brands":[{"id":49,"name":"Meta Nutrition","slug":"meta-nutrition"}],"_links":{"self":[{"href":"https:\/\/suplever.com\/index.php?rest_route=\/wp\/v2\/product\/62","targetHints":{"allow":["GET"]}}],"collection":[{"href":"https:\/\/suplever.com\/index.php?rest_route=\/wp\/v2\/product"}],"about":[{"href":"https:\/\/suplever.com\/index.php?rest_route=\/wp\/v2\/types\/product"}],"wp:featuredmedia":[{"embeddable":true,"href":"https:\/\/suplever.com\/index.php?rest_route=\/wp\/v2\/media\/63"}],"wp:attachment":[{"href":"https:\/\/suplever.com\/index.php?rest_route=%2Fwp%2Fv2%2Fmedia&parent=62"}],"wp:term":[{"taxonomy":"pwb-brand","embeddable":true,"href":"https:\/\/suplever.com\/index.php?rest_route=%2Fwp%2Fv2%2Fpwb-brand&post=62"},{"taxonomy":"product_brand","embeddable":true,"href":"https:\/\/suplever.com\/index.php?rest_route=%2Fwp%2Fv2%2Fproduct_brand&post=62"},{"taxonomy":"product_cat","embeddable":true,"href":"https:\/\/suplever.com\/index.php?rest_route=%2Fwp%2Fv2%2Fproduct_cat&post=62"},{"taxonomy":"product_tag","embeddable":true,"href":"https:\/\/suplever.com\/index.php?rest_route=%2Fwp%2Fv2%2Fproduct_tag&post=62"}],"curies":[{"name":"wp","href":"https:\/\/api.w.org\/{rel}","templated":true}]}}