{"id":679,"date":"2022-08-26T00:05:17","date_gmt":"2022-08-26T00:05:17","guid":{"rendered":"https:\/\/suplever.com\/?post_type=product&#038;p=679"},"modified":"2025-06-18T19:35:57","modified_gmt":"2025-06-18T19:35:57","slug":"platinum-multivitamin-90-tabs","status":"publish","type":"product","link":"https:\/\/suplever.com\/?product=platinum-multivitamin-90-tabs","title":{"rendered":"Platinum Multivitamin 90 Tabs (Outlet)"},"content":{"rendered":"<p>PRODUCTO OUTLET<br \/>\nCADUCIDAD: 12\/24<br \/>\nEMPAQUE: PERFECTO ESTADO, NUEVO Y SELLADO<br \/>\n*No aplican cambios ni devoluciones.<\/p>\n<p>Platinum Multivitamin\u2122 dentro de la l\u00ednea Essential Series de la marca N\u00ba1 en todo el mundo Muscletech\u00ae es un multivitam\u00ednico muy avanzado con vitaminas y minerales de alta potencia, que incluye en su composici\u00f3n las vitaminas antioxidantes C y E.<\/p>\n<p>Adem\u00e1s de las vitaminas y minerales, Platinum Multivitamin\u2122 te proporciona un paquete completo de extractos herbales con importantes funciones para el atleta que entrena con intensidad, un paquete con importantes amino\u00e1cidos y un complejo de enzimas digestivas.<\/p>\n<p>Principales beneficios de Platinum Multivitamin\u2122 de Muscletech\u00ae:<\/p>\n<p>&#8211; Multivitam\u00ednico avanzado para atletas que entrenen de forma seria.<\/p>\n<p>&#8211; Contiene 20 vitaminas y minerales en cada dosis.<\/p>\n<p>&#8211; Proporciona 865 mg de soporte de amino\u00e1cidos por servicio.<\/p>\n<p>&#8211; Contiene muchos extractos herbales importantes en el rendimiento deportivo.<\/p>\n<p>&#8211; Con enzimas digestivas para una mejor digesti\u00f3n y absorci\u00f3n.<\/p>\n<p>&#8211; Perfecto para combinar con otros suplementos.<\/p>\n<p>&#8211; Soporte para 30 d\u00edas.<\/p>\n","protected":false},"excerpt":{"rendered":"<p>\u00a1Cada porci\u00f3n aporta 18\u00a0vitaminas y minerales, lo cual incluye el 100\u00a0% o m\u00e1s de sus necesidades diarias de vitaminas\u00a0A, C, E, B6 y\u00a0B12! Este producto est\u00e1 repleto de ingredientes que incluyen vitaminas y minerales esenciales, e incluso una matriz de refuerzo con amino\u00e1cidos m\u00e1s una matriz de hierbas que hacen de esta una f\u00f3rmula verdaderamente completa.<\/p>\n","protected":false},"featured_media":734,"template":"","meta":[],"pwb-brand":[90],"product_brand":[],"product_cat":[29,220],"product_tag":[163,76,109,176],"class_list":{"0":"post-679","1":"product","2":"type-product","3":"status-publish","4":"has-post-thumbnail","6":"pwb-brand-muscletech","7":"product_cat-multivitaminicos","8":"product_cat-outlet","9":"product_tag-muscletech","10":"product_tag-recuperacion","11":"product_tag-rendimiento","12":"product_tag-vitaminas","13":"thunk-woo-product-list","14":"opn-qv-enable","15":"open-woo-hover-zoom","16":"open-single-product-tab-horizontal","17":"open-shadow-","18":"open-shadow-hover-","20":"first","21":"instock","22":"sale","23":"featured","24":"shipping-taxable","25":"purchasable","26":"product-type-simple"},"aioseo_notices":[],"jetpack_sharing_enabled":true,"brands":[{"id":90,"name":"Muscletech","slug":"muscletech"}],"_links":{"self":[{"href":"https:\/\/suplever.com\/index.php?rest_route=\/wp\/v2\/product\/679","targetHints":{"allow":["GET"]}}],"collection":[{"href":"https:\/\/suplever.com\/index.php?rest_route=\/wp\/v2\/product"}],"about":[{"href":"https:\/\/suplever.com\/index.php?rest_route=\/wp\/v2\/types\/product"}],"wp:featuredmedia":[{"embeddable":true,"href":"https:\/\/suplever.com\/index.php?rest_route=\/wp\/v2\/media\/734"}],"wp:attachment":[{"href":"https:\/\/suplever.com\/index.php?rest_route=%2Fwp%2Fv2%2Fmedia&parent=679"}],"wp:term":[{"taxonomy":"pwb-brand","embeddable":true,"href":"https:\/\/suplever.com\/index.php?rest_route=%2Fwp%2Fv2%2Fpwb-brand&post=679"},{"taxonomy":"product_brand","embeddable":true,"href":"https:\/\/suplever.com\/index.php?rest_route=%2Fwp%2Fv2%2Fproduct_brand&post=679"},{"taxonomy":"product_cat","embeddable":true,"href":"https:\/\/suplever.com\/index.php?rest_route=%2Fwp%2Fv2%2Fproduct_cat&post=679"},{"taxonomy":"product_tag","embeddable":true,"href":"https:\/\/suplever.com\/index.php?rest_route=%2Fwp%2Fv2%2Fproduct_tag&post=679"}],"curies":[{"name":"wp","href":"https:\/\/api.w.org\/{rel}","templated":true}]}}