{"id":689,"date":"2022-08-26T00:25:15","date_gmt":"2022-08-26T00:25:15","guid":{"rendered":"https:\/\/suplever.com\/?post_type=product&#038;p=689"},"modified":"2025-06-18T19:34:15","modified_gmt":"2025-06-18T19:34:15","slug":"carnivor-beef-aminos-300-tabs","status":"publish","type":"product","link":"https:\/\/suplever.com\/?product=carnivor-beef-aminos-300-tabs","title":{"rendered":"Carnivor Beef Aminos 300 Tabs (Outlet)"},"content":{"rendered":"<p>PRODUCTO OUTLET<br \/>\nCADUCIDAD: 10\/25<br \/>\nEMPAQUE: PERFECTO ESTADO, NUEVO Y SELLADO<br \/>\n*No aplican cambios ni devoluciones.<\/p>\n<p>Carnivor Beef Aminos 100% ultra concentrados de Musclemeds usa un proceso de tecnolog\u00eda patentado para proveer altas concentraciones de Amino\u00e1cidos de calidad. Hecho de la mejor prote\u00edna de carne aislada, albumina de carne, h\u00edgado desecado e Imunoglobulina de carne, cada tableta ultra-concentrada provee un espectro completo de amino\u00e1cidos esenciales incluyendo niveles altos de BCAAs (Amino\u00e1cidos de cadena ramificada) y factores de crecimiento bio-activos. Adem\u00e1s, la adici\u00f3n de Creatina ayuda a incrementar el tama\u00f1o muscular y la fuerza, mientras que los Keto\u00e1cidos de Cadena Ramificada (BCKAs) te ayudan a reciclar estos amino\u00e1cidos concentrados para una mejor retenci\u00f3n de nitr\u00f3geno. Esta poderosa f\u00f3rmula de Amino\u00e1cidos te permitir\u00e1 impulsar la fuerza constructora de m\u00fasculo de los Amino\u00e1cidos sin Grasas ni Colesterol, y con a\u00fan m\u00e1s altas concentraciones de Aminos, Creatina y factores de crecimiento!<\/p>\n","protected":false},"excerpt":{"rendered":"<ul>\n<li>Ayuda a la construcci\u00f3n y recuperaci\u00f3n muscular.<\/li>\n<li>Tabletas de amino\u00e1cidos ultra concentrados bioactivos de la carne.<\/li>\n<li>Una excelente alternativa para la construcci\u00f3n muscular.<\/li>\n<li>Mantiene la construcci\u00f3n del musculo sostenida.<\/li>\n<\/ul>\n","protected":false},"featured_media":691,"template":"","meta":[],"pwb-brand":[91],"product_brand":[],"product_cat":[31,95,220],"product_tag":[97,192,193],"class_list":{"0":"post-689","1":"product","2":"type-product","3":"status-publish","4":"has-post-thumbnail","6":"pwb-brand-musclemeds","7":"product_cat-aminoacidos-y-mas","8":"product_cat-aminos","9":"product_cat-outlet","10":"product_tag-aminoacidos","11":"product_tag-beef-aminos","12":"product_tag-musclemeds","13":"thunk-woo-product-list","14":"opn-qv-enable","15":"open-woo-hover-zoom","16":"open-single-product-tab-horizontal","17":"open-shadow-","18":"open-shadow-hover-","20":"first","21":"instock","22":"sale","23":"shipping-taxable","24":"purchasable","25":"product-type-simple"},"aioseo_notices":[],"jetpack_sharing_enabled":true,"brands":[{"id":91,"name":"MuscleMeds","slug":"musclemeds"}],"_links":{"self":[{"href":"https:\/\/suplever.com\/index.php?rest_route=\/wp\/v2\/product\/689","targetHints":{"allow":["GET"]}}],"collection":[{"href":"https:\/\/suplever.com\/index.php?rest_route=\/wp\/v2\/product"}],"about":[{"href":"https:\/\/suplever.com\/index.php?rest_route=\/wp\/v2\/types\/product"}],"wp:featuredmedia":[{"embeddable":true,"href":"https:\/\/suplever.com\/index.php?rest_route=\/wp\/v2\/media\/691"}],"wp:attachment":[{"href":"https:\/\/suplever.com\/index.php?rest_route=%2Fwp%2Fv2%2Fmedia&parent=689"}],"wp:term":[{"taxonomy":"pwb-brand","embeddable":true,"href":"https:\/\/suplever.com\/index.php?rest_route=%2Fwp%2Fv2%2Fpwb-brand&post=689"},{"taxonomy":"product_brand","embeddable":true,"href":"https:\/\/suplever.com\/index.php?rest_route=%2Fwp%2Fv2%2Fproduct_brand&post=689"},{"taxonomy":"product_cat","embeddable":true,"href":"https:\/\/suplever.com\/index.php?rest_route=%2Fwp%2Fv2%2Fproduct_cat&post=689"},{"taxonomy":"product_tag","embeddable":true,"href":"https:\/\/suplever.com\/index.php?rest_route=%2Fwp%2Fv2%2Fproduct_tag&post=689"}],"curies":[{"name":"wp","href":"https:\/\/api.w.org\/{rel}","templated":true}]}}