{"id":780,"date":"2022-09-18T19:53:20","date_gmt":"2022-09-18T19:53:20","guid":{"rendered":"https:\/\/suplever.com\/?post_type=product&#038;p=780"},"modified":"2024-08-06T21:52:12","modified_gmt":"2024-08-06T21:52:12","slug":"mutant-whey-4lb-2-en-1","status":"publish","type":"product","link":"https:\/\/suplever.com\/?product=mutant-whey-4lb-2-en-1","title":{"rendered":"Mutant whey 4lb (2 en 1)"},"content":{"rendered":"<p>La Prote\u00edna #1 en Ventas de MUTANT<br \/>\n\u00a1Ahora Incluso Mejor Sabor y Mejor Mezcla!<br \/>\n-22G de 100% Prote\u00edna de Suero [Whey Protein]<br \/>\n-10.4G EAAs y 5G BCAAs (naturalmente presente)<br \/>\n-Prote\u00edna Intacta Entera: Sin Adici\u00f3n de Amino\u00e1cidos (Prote\u00edna Verdadera Probada \u2020)<br \/>\n-Se Agregaron Enzimas Digestivas para Optimizar la Absorci\u00f3n.<br \/>\n-No Aspartamo<br \/>\n-Cerificado por Informed-Choice *<br \/>\n-Compatible con IOC\/WADA*<br \/>\n-Prote\u00edna Real para Ayudar a Desarrollar M\u00fasculo Real<\/p>\n<p>\u00a1MUTANT WHEY ahora es m\u00e1s sabroso, m\u00e1s rico que nunca! Hecho con 100% de prote\u00edna de suero y los mejores sabores absolutos disponibles comercialmente, esta combinaci\u00f3n emocionante lo ayudar\u00e1 a desarrollar m\u00e1s m\u00fasculo mientras experimenta una avalancha de sabor. Cada porci\u00f3n est\u00e1 cargada con 22 gramos de prote\u00edna, 10.4 gramos de EAA (naturalmente presente) , 2 gramos de grasa, 1 gramo de fibra soluble m\u00e1s enzimas digestivas agregadas para ayudar a optimizar los resultados. El nuevo y mejorado MUTANT WHEY ofrece un verdadero sabor a batido que te encantar\u00e1 desde el primer batido hasta el \u00faltimo.<\/p>\n<p>&nbsp;<\/p>\n","protected":false},"excerpt":{"rendered":"<p>MUTANT WHEY est\u00e1 dise\u00f1ado en nuestras propias instalaciones de fabricaci\u00f3n de vanguardia para mantener la calidad est\u00e1ndar de oro en cada etapa de la producci\u00f3n. Como un compromiso adicional con nuestro control de calidad, MUTANT ha formado una alianza estrat\u00e9gica con Informed-Choice para probar de forma independiente en nuestros productos sustancias prohibidas. Todos los suplementos MUTANT que llevan el logotipo de Informed-Choice est\u00e1n probados de sustancias prohibidas. La prueba de detecci\u00f3n de suplementos est\u00e1ndar cubre m\u00e1s de 200 sustancias prohibidas en el deporte. Si no est\u00e1 en nuestra etiqueta, \u00a1no est\u00e1 en nuestro producto! *<\/p>\n","protected":false},"featured_media":782,"template":"","meta":[],"pwb-brand":[81],"product_brand":[],"product_cat":[213,20,61],"product_tag":[206,152,23,24],"class_list":{"0":"post-780","1":"product","2":"type-product","3":"status-publish","4":"has-post-thumbnail","6":"pwb-brand-mutant","7":"product_cat-off-2024","8":"product_cat-proteinas","9":"product_cat-whey-protein","10":"product_tag-2-en-1","11":"product_tag-mutant","12":"product_tag-proteina","13":"product_tag-whey-protein","14":"thunk-woo-product-list","15":"opn-qv-enable","16":"open-woo-hover-zoom","17":"open-single-product-tab-horizontal","18":"open-shadow-","19":"open-shadow-hover-","21":"first","22":"outofstock","23":"featured","24":"shipping-taxable","25":"purchasable","26":"product-type-simple"},"aioseo_notices":[],"jetpack_sharing_enabled":true,"brands":[{"id":81,"name":"Mutant","slug":"mutant"}],"_links":{"self":[{"href":"https:\/\/suplever.com\/index.php?rest_route=\/wp\/v2\/product\/780","targetHints":{"allow":["GET"]}}],"collection":[{"href":"https:\/\/suplever.com\/index.php?rest_route=\/wp\/v2\/product"}],"about":[{"href":"https:\/\/suplever.com\/index.php?rest_route=\/wp\/v2\/types\/product"}],"wp:featuredmedia":[{"embeddable":true,"href":"https:\/\/suplever.com\/index.php?rest_route=\/wp\/v2\/media\/782"}],"wp:attachment":[{"href":"https:\/\/suplever.com\/index.php?rest_route=%2Fwp%2Fv2%2Fmedia&parent=780"}],"wp:term":[{"taxonomy":"pwb-brand","embeddable":true,"href":"https:\/\/suplever.com\/index.php?rest_route=%2Fwp%2Fv2%2Fpwb-brand&post=780"},{"taxonomy":"product_brand","embeddable":true,"href":"https:\/\/suplever.com\/index.php?rest_route=%2Fwp%2Fv2%2Fproduct_brand&post=780"},{"taxonomy":"product_cat","embeddable":true,"href":"https:\/\/suplever.com\/index.php?rest_route=%2Fwp%2Fv2%2Fproduct_cat&post=780"},{"taxonomy":"product_tag","embeddable":true,"href":"https:\/\/suplever.com\/index.php?rest_route=%2Fwp%2Fv2%2Fproduct_tag&post=780"}],"curies":[{"name":"wp","href":"https:\/\/api.w.org\/{rel}","templated":true}]}}