{"id":90,"date":"2022-06-02T01:01:47","date_gmt":"2022-06-02T01:01:47","guid":{"rendered":"https:\/\/suplever.com\/?post_type=product&#038;p=90"},"modified":"2024-11-29T02:18:27","modified_gmt":"2024-11-29T02:18:27","slug":"glutamine-500-gr","status":"publish","type":"product","link":"https:\/\/suplever.com\/?product=glutamine-500-gr","title":{"rendered":"Glutamine 500 Gr"},"content":{"rendered":"<p>La L-Glutamina de Glutamine+ es uno de los amino\u00e1cidos m\u00e1s abundantes de los m\u00fasculos y uno de los suplementos m\u00e1s usados por atletas ya que durante el ejercicio y actividad f\u00edsica intensa los niveles de glutamina pueden bajar. Es importante repletar los niveles glutamina en el cuerpo para dar combustible a las c\u00e9lulas musculares, apoyar el metabolismo proteico y tener una \u00f3ptima recuperaci\u00f3n despu\u00e9s de los entrenamientos.<\/p>\n<p>La L-Glutamina adem\u00e1s tiene capacidad para ayudar a reparar y regenerar la pared intestinal ayudando a combatir la permeabilidad. Favorece la producci\u00f3n de enterocitos intestinales, jugando un papel clave en la absorci\u00f3n de nutrientes y evitando que sustancias t\u00f3xicas atraviesen el intestino y entren al torrente sangu\u00edneo.<\/p>\n<p>Glutamine+ Meta Nutrition contiene 100 servicios de 5g cada uno. \u00a1\u00a1Ahora con su poderosa nueva presentaci\u00f3n en bolsa resellable!<\/p>\n","protected":false},"excerpt":{"rendered":"<p>La L-Glutamina de Glutamine+ es uno de los amino\u00e1cidos m\u00e1s abundantes de los m\u00fasculos y uno de los suplementos m\u00e1s usados por atletas ya que durante el ejercicio y actividad f\u00edsica intensa los niveles de glutamina pueden bajar. Es importante repletar los niveles glutamina en el cuerpo para dar combustible a las c\u00e9lulas musculares, apoyar el metabolismo proteico y tener una \u00f3ptima recuperaci\u00f3n despu\u00e9s de los entrenamientos.<\/p>\n","protected":false},"featured_media":910,"template":"","meta":[],"pwb-brand":[49],"product_brand":[],"product_cat":[31,72],"product_tag":[73,74,75,58,76],"class_list":{"0":"post-90","1":"product","2":"type-product","3":"status-publish","4":"has-post-thumbnail","6":"pwb-brand-meta-nutrition","7":"product_cat-aminoacidos-y-mas","8":"product_cat-glutamina","9":"product_tag-glutamina","10":"product_tag-glutamine","11":"product_tag-l-glutamina","12":"product_tag-meta-nutrition","13":"product_tag-recuperacion","14":"thunk-woo-product-list","15":"opn-qv-enable","16":"open-woo-hover-zoom","17":"open-single-product-tab-horizontal","18":"open-shadow-","19":"open-shadow-hover-","21":"first","22":"instock","23":"shipping-taxable","24":"purchasable","25":"product-type-simple"},"aioseo_notices":[],"jetpack_sharing_enabled":true,"brands":[{"id":49,"name":"Meta Nutrition","slug":"meta-nutrition"}],"_links":{"self":[{"href":"https:\/\/suplever.com\/index.php?rest_route=\/wp\/v2\/product\/90","targetHints":{"allow":["GET"]}}],"collection":[{"href":"https:\/\/suplever.com\/index.php?rest_route=\/wp\/v2\/product"}],"about":[{"href":"https:\/\/suplever.com\/index.php?rest_route=\/wp\/v2\/types\/product"}],"wp:featuredmedia":[{"embeddable":true,"href":"https:\/\/suplever.com\/index.php?rest_route=\/wp\/v2\/media\/910"}],"wp:attachment":[{"href":"https:\/\/suplever.com\/index.php?rest_route=%2Fwp%2Fv2%2Fmedia&parent=90"}],"wp:term":[{"taxonomy":"pwb-brand","embeddable":true,"href":"https:\/\/suplever.com\/index.php?rest_route=%2Fwp%2Fv2%2Fpwb-brand&post=90"},{"taxonomy":"product_brand","embeddable":true,"href":"https:\/\/suplever.com\/index.php?rest_route=%2Fwp%2Fv2%2Fproduct_brand&post=90"},{"taxonomy":"product_cat","embeddable":true,"href":"https:\/\/suplever.com\/index.php?rest_route=%2Fwp%2Fv2%2Fproduct_cat&post=90"},{"taxonomy":"product_tag","embeddable":true,"href":"https:\/\/suplever.com\/index.php?rest_route=%2Fwp%2Fv2%2Fproduct_tag&post=90"}],"curies":[{"name":"wp","href":"https:\/\/api.w.org\/{rel}","templated":true}]}}