{"id":930,"date":"2022-11-21T14:28:05","date_gmt":"2022-11-21T14:28:05","guid":{"rendered":"https:\/\/suplever.com\/?post_type=product&#038;p=930"},"modified":"2025-08-02T17:49:05","modified_gmt":"2025-08-02T17:49:05","slug":"creatina-monohidratada-600gr-birdman","status":"publish","type":"product","link":"https:\/\/suplever.com\/?product=creatina-monohidratada-600gr-birdman","title":{"rendered":"Creatina Birdman 600grs"},"content":{"rendered":"<p>La Creatina Monohidratada Birdman es uno de los suplementos m\u00e1s confiables para complementar tus entrenamientos y elevar tu rendimiento deportivo de forma eficiente y segura. Libre de saborizantes y endulzantes artificiales Perfecta para despu\u00e9s del entrenamiento Creatina 100% apta para vegetarianos y veganos 120 porciones por envase<\/p>\n<p>Fuerza \u00f3ptima: promueve un mejor desempe\u00f1o deportivo en ejercicios de alta intensidad<br \/>\nDalo todo: es una fuente de combustible para la ATP (adenosin trifosfato) utilizada como energ\u00eda para la pr\u00e1ctica de ejercicios breves de alta intensidad<\/p>\n<p>Recuperaci\u00f3n \u00f3ptima: proporciona energ\u00eda para las fibras musculares, ayudando a evitar la fatiga muscular y favoreciendo el entrenamiento muscular<br \/>\nSalud cerebral: ayuda a activar tu actividad cerebral, mejorando la respuesta cognitiva y la capacidad de memoria<\/p>\n<p>Creatina 100% apta para vegetarianos y veganos. Este producto no es un medicamento, su consumo es responsabilidad de quien lo recomienda y de quien lo usa<\/p>\n","protected":false},"excerpt":{"rendered":"<p><strong>La Creatina Monohidratada de Alta Pureza<\/strong>\u00a0te ayudar\u00e1\u00a0superar tus retos\u00a0deportivos y\u00a0complementar tus entrenamientos. Nuestra creatina es libre de saborizantes y endulzantes artificiales<\/p>\n","protected":false},"featured_media":932,"template":"","meta":[],"pwb-brand":[215],"product_brand":[],"product_cat":[30],"product_tag":[216,43,45,44,48,178,41,109],"class_list":{"0":"post-930","1":"product","2":"type-product","3":"status-publish","4":"has-post-thumbnail","6":"pwb-brand-birdman","7":"product_cat-creatina","8":"product_tag-birdman","9":"product_tag-creatina","10":"product_tag-creatina-monohidratada","11":"product_tag-creatina-monohidrato","12":"product_tag-creatine","13":"product_tag-energia","14":"product_tag-fuerza","15":"product_tag-rendimiento","16":"thunk-woo-product-list","17":"opn-qv-enable","18":"open-woo-hover-zoom","19":"open-single-product-tab-horizontal","20":"open-shadow-","21":"open-shadow-hover-","23":"first","24":"instock","25":"featured","26":"shipping-taxable","27":"purchasable","28":"product-type-simple"},"aioseo_notices":[],"jetpack_sharing_enabled":true,"brands":[{"id":215,"name":"Birdman","slug":"birdman"}],"_links":{"self":[{"href":"https:\/\/suplever.com\/index.php?rest_route=\/wp\/v2\/product\/930","targetHints":{"allow":["GET"]}}],"collection":[{"href":"https:\/\/suplever.com\/index.php?rest_route=\/wp\/v2\/product"}],"about":[{"href":"https:\/\/suplever.com\/index.php?rest_route=\/wp\/v2\/types\/product"}],"wp:featuredmedia":[{"embeddable":true,"href":"https:\/\/suplever.com\/index.php?rest_route=\/wp\/v2\/media\/932"}],"wp:attachment":[{"href":"https:\/\/suplever.com\/index.php?rest_route=%2Fwp%2Fv2%2Fmedia&parent=930"}],"wp:term":[{"taxonomy":"pwb-brand","embeddable":true,"href":"https:\/\/suplever.com\/index.php?rest_route=%2Fwp%2Fv2%2Fpwb-brand&post=930"},{"taxonomy":"product_brand","embeddable":true,"href":"https:\/\/suplever.com\/index.php?rest_route=%2Fwp%2Fv2%2Fproduct_brand&post=930"},{"taxonomy":"product_cat","embeddable":true,"href":"https:\/\/suplever.com\/index.php?rest_route=%2Fwp%2Fv2%2Fproduct_cat&post=930"},{"taxonomy":"product_tag","embeddable":true,"href":"https:\/\/suplever.com\/index.php?rest_route=%2Fwp%2Fv2%2Fproduct_tag&post=930"}],"curies":[{"name":"wp","href":"https:\/\/api.w.org\/{rel}","templated":true}]}}